{"id":967,"date":"2022-07-04T16:22:51","date_gmt":"2022-07-04T14:22:51","guid":{"rendered":"https:\/\/turing.aticomunicazione.it\/lariosport\/?page_id=967"},"modified":"2022-07-04T16:24:08","modified_gmt":"2022-07-04T14:24:08","slug":"chi-siamo","status":"publish","type":"page","link":"https:\/\/turing.aticomunicazione.it\/mountaingenius\/chi-siamo\/","title":{"rendered":"CHI SIAMO"},"content":{"rendered":"\t\t<div data-elementor-type=\"wp-page\" data-elementor-id=\"967\" class=\"elementor elementor-967\">\n\t\t\t\t\t\t\t\t\t<section class=\"elementor-section elementor-top-section elementor-element elementor-element-8059e62 elementor-section-boxed elementor-section-height-default elementor-section-height-default\" data-id=\"8059e62\" data-element_type=\"section\">\n\t\t\t\t\t\t<div class=\"elementor-container elementor-column-gap-default\">\n\t\t\t\t\t<div class=\"elementor-column elementor-col-100 elementor-top-column elementor-element elementor-element-b78eb26\" data-id=\"b78eb26\" data-element_type=\"column\">\n\t\t\t<div class=\"elementor-widget-wrap elementor-element-populated\">\n\t\t\t\t\t\t\t\t<div class=\"elementor-element elementor-element-5af36a3 elementor-widget elementor-widget-heading\" data-id=\"5af36a3\" data-element_type=\"widget\" data-widget_type=\"heading.default\">\n\t\t\t\t<div class=\"elementor-widget-container\">\n\t\t\t<style>\/*! elementor - v3.7.7 - 20-09-2022 *\/\n.elementor-heading-title{padding:0;margin:0;line-height:1}.elementor-widget-heading .elementor-heading-title[class*=elementor-size-]>a{color:inherit;font-size:inherit;line-height:inherit}.elementor-widget-heading .elementor-heading-title.elementor-size-small{font-size:15px}.elementor-widget-heading .elementor-heading-title.elementor-size-medium{font-size:19px}.elementor-widget-heading .elementor-heading-title.elementor-size-large{font-size:29px}.elementor-widget-heading .elementor-heading-title.elementor-size-xl{font-size:39px}.elementor-widget-heading .elementor-heading-title.elementor-size-xxl{font-size:59px}<\/style><h2 class=\"elementor-heading-title elementor-size-default\">CHI SIAMO<\/h2>\t\t<\/div>\n\t\t\t\t<\/div>\n\t\t\t\t<div class=\"elementor-element elementor-element-528f56f elementor-widget elementor-widget-text-editor\" data-id=\"528f56f\" data-element_type=\"widget\" data-widget_type=\"text-editor.default\">\n\t\t\t\t<div class=\"elementor-widget-container\">\n\t\t\t<style>\/*! elementor - v3.7.7 - 20-09-2022 *\/\n.elementor-widget-text-editor.elementor-drop-cap-view-stacked .elementor-drop-cap{background-color:#818a91;color:#fff}.elementor-widget-text-editor.elementor-drop-cap-view-framed .elementor-drop-cap{color:#818a91;border:3px solid;background-color:transparent}.elementor-widget-text-editor:not(.elementor-drop-cap-view-default) .elementor-drop-cap{margin-top:8px}.elementor-widget-text-editor:not(.elementor-drop-cap-view-default) .elementor-drop-cap-letter{width:1em;height:1em}.elementor-widget-text-editor .elementor-drop-cap{float:left;text-align:center;line-height:1;font-size:50px}.elementor-widget-text-editor .elementor-drop-cap-letter{display:inline-block}<\/style>\t\t\t\t<p>Lariosport \u00e8 un\u2019<strong>agenzia di comunicazione<\/strong>, presente sul territorio da ormai quasi vent&#8217;anni e ormai radicata nel contesto editoriale comasco. Un team di giovani giornalisti, fotografi e web editor, specializzato nella confezione di prodotti editoriali in ambito sportivo.<br \/><br \/>Calcio e sport locale gli argomenti raccontati da Lariosport, cementati da anni di esperienza e di <strong>collaborazione con il quotidiano La Provincia,<\/strong> punto di riferimento per tutta l\u2019informazione locale. Articoli per il giornale e molto altro: raccolta dati, elaborazione di classifiche, statistiche e tabellini. Esattamente quello che tutti possono leggere il luned\u00ec sul primo quotidiano di Como, e sulle edizioni di Lecco e Sondrio. <br \/><br \/>L\u2019esperienza accumulata ci ha aiutato a crescere ed \u00e8 sfociata in una serie di nuove esperienze che hanno contribuito a farci diventare <strong>un punto di riferimento sicuro e affidabile<\/strong>. Servizi fotografici, servizio audio e video, uffici stampa per enti e associazioni, sviluppo di siti internet, organizzazione eventi e grafica pubblicitaria completano l\u2019offerta dell\u2019agenzia Lariosport.<br \/><br \/>Il nostro fiore all\u2019occhiello \u00e8 il portale <strong>Lariosport.it<\/strong>, testata giornalistica registrata e aggiornata quotidianamente, con tutte le notizie sportive di interesse comasco. Primo a Como a portare le notizie sportive dalla carta stampata al web, il nostro sito \u00e8 diventato un totem dell\u2019informazione calcistica (oltre 40.000 visitatori al mese). Calcio e altri sport: un successo certificato dagli accessi al portale e dalle letture, in continua crescita, grazie all\u2019utilizzo, sempre pi\u00f9 importante, di fotografie, video, curiosit\u00e0, statistiche e soprattutto social. Un portale che pu\u00f2 contare sull\u2019amicizia tantissimi &#8220;follower&#8221; su<strong> Facebook e Instagram<\/strong>, oltre agli iscritti al canale <strong>YouTube<\/strong>.<br \/><br \/>Un patrimonio di dati e idee che da ormai parecchi anni abbiamo deciso di riversare nell\u2019opera pi\u00f9 impegnativa dell\u2019agenzia, il <strong>Lariosportivo<\/strong>, il primo (e unico) almanacco illustrato dello sport lariano, riservato alle prime squadre del territorio, dal Calcio Como in Prima divisione alla Terza categoria, passando per Juniores, Calcio a 5 e femminile e Csi. E ancora: basket, volley, pallanuoto&#8230; Tredici volumi mandati in stampa, riassuntivi delle stagioni dal 2006\/07 al 2019\/20. Rimarr\u00e0 sempre un buco, quello della stagione 2019\/20, conclusa in anticipo a causa dell&#8217;emergenza Covid-19. Ci auguriamo che questa sia la prima e l&#8217;ultima volta che accade.<br \/><br \/>E poi c&#8217;\u00e8 la nostra <strong>Diviseria<\/strong>, una linea di abbigliamento gara con stampa totalmente in digitale, per le vostre divise da gioco, da allenamento o anche semplicemente da tempo libero. Recentemente ci siamo allargati, come ovvio che fosse, anche alla produzione di mascherine, selezionate con tessuti che garantiscono il massimo della protezione, anche nel prolungato contatto con la pelle.<\/p>\t\t\t\t\t\t<\/div>\n\t\t\t\t<\/div>\n\t\t\t\t\t<\/div>\n\t\t<\/div>\n\t\t\t\t\t\t\t<\/div>\n\t\t<\/section>\n\t\t\t\t<section class=\"elementor-section elementor-top-section elementor-element elementor-element-4aa8585 elementor-section-full_width elementor-section-height-default elementor-section-height-default\" data-id=\"4aa8585\" data-element_type=\"section\">\n\t\t\t\t\t\t<div class=\"elementor-container elementor-column-gap-default\">\n\t\t\t\t\t<div class=\"elementor-column elementor-col-100 elementor-top-column elementor-element elementor-element-0141086\" data-id=\"0141086\" data-element_type=\"column\">\n\t\t\t<div class=\"elementor-widget-wrap elementor-element-populated\">\n\t\t\t\t\t\t\t\t<div class=\"elementor-element elementor-element-a3719e8 elementor-widget elementor-widget-spacer\" data-id=\"a3719e8\" data-element_type=\"widget\" data-widget_type=\"spacer.default\">\n\t\t\t\t<div class=\"elementor-widget-container\">\n\t\t\t<style>\/*! elementor - v3.7.7 - 20-09-2022 *\/\n.elementor-column .elementor-spacer-inner{height:var(--spacer-size)}.e-container{--container-widget-width:100%}.e-container>.elementor-widget-spacer{width:var(--container-widget-width,var(--spacer-size));-ms-flex-item-align:stretch;align-self:stretch;-ms-flex-negative:0;flex-shrink:0}.e-container>.elementor-widget-spacer>.elementor-widget-container,.e-container>.elementor-widget-spacer>.elementor-widget-container>.elementor-spacer{height:100%}.e-container>.elementor-widget-spacer>.elementor-widget-container>.elementor-spacer>.elementor-spacer-inner{height:var(--container-widget-height,var(--spacer-size))}<\/style>\t\t<div class=\"elementor-spacer\">\n\t\t\t<div class=\"elementor-spacer-inner\"><\/div>\n\t\t<\/div>\n\t\t\t\t<\/div>\n\t\t\t\t<\/div>\n\t\t\t\t<div class=\"elementor-element elementor-element-565c38e elementor-widget elementor-widget-image\" data-id=\"565c38e\" data-element_type=\"widget\" data-widget_type=\"image.default\">\n\t\t\t\t<div class=\"elementor-widget-container\">\n\t\t\t<style>\/*! elementor - v3.7.7 - 20-09-2022 *\/\n.elementor-widget-image{text-align:center}.elementor-widget-image a{display:inline-block}.elementor-widget-image a img[src$=\".svg\"]{width:48px}.elementor-widget-image img{vertical-align:middle;display:inline-block}<\/style>\t\t\t\t\t\t\t\t\t\t\t\t<img width=\"1440\" height=\"524\" src=\"https:\/\/turing.aticomunicazione.it\/mountaingenius\/wp-content\/uploads\/2016\/05\/google-1.png\" class=\"attachment-full size-full\" alt=\"\" loading=\"lazy\" srcset=\"https:\/\/turing.aticomunicazione.it\/mountaingenius\/wp-content\/uploads\/2016\/05\/google-1.png 1440w, https:\/\/turing.aticomunicazione.it\/mountaingenius\/wp-content\/uploads\/2016\/05\/google-1-300x109.png 300w, https:\/\/turing.aticomunicazione.it\/mountaingenius\/wp-content\/uploads\/2016\/05\/google-1-1024x373.png 1024w, https:\/\/turing.aticomunicazione.it\/mountaingenius\/wp-content\/uploads\/2016\/05\/google-1-768x279.png 768w\" sizes=\"(max-width: 1440px) 100vw, 1440px\" \/>\t\t\t\t\t\t\t\t\t\t\t\t\t\t\t<\/div>\n\t\t\t\t<\/div>\n\t\t\t\t<div class=\"elementor-element elementor-element-08ef573 elementor-widget elementor-widget-spacer\" data-id=\"08ef573\" data-element_type=\"widget\" data-widget_type=\"spacer.default\">\n\t\t\t\t<div class=\"elementor-widget-container\">\n\t\t\t\t\t<div class=\"elementor-spacer\">\n\t\t\t<div class=\"elementor-spacer-inner\"><\/div>\n\t\t<\/div>\n\t\t\t\t<\/div>\n\t\t\t\t<\/div>\n\t\t\t\t\t<\/div>\n\t\t<\/div>\n\t\t\t\t\t\t\t<\/div>\n\t\t<\/section>\n\t\t\t\t\t\t\t<\/div>\n\t\t","protected":false},"excerpt":{"rendered":"<p>CHI SIAMO Lariosport \u00e8 un\u2019agenzia di comunicazione, presente sul territorio da ormai quasi vent&#8217;anni e ormai radicata nel contesto editoriale comasco. Un team di giovani giornalisti, fotografi e web editor, specializzato nella confezione di prodotti editoriali in ambito sportivo. Calcio e sport locale gli argomenti raccontati da Lariosport, cementati da anni di esperienza e di [&hellip;]<\/p>\n","protected":false},"author":1,"featured_media":0,"parent":0,"menu_order":0,"comment_status":"closed","ping_status":"closed","template":"","meta":[],"acf":[],"_links":{"self":[{"href":"https:\/\/turing.aticomunicazione.it\/mountaingenius\/wp-json\/wp\/v2\/pages\/967"}],"collection":[{"href":"https:\/\/turing.aticomunicazione.it\/mountaingenius\/wp-json\/wp\/v2\/pages"}],"about":[{"href":"https:\/\/turing.aticomunicazione.it\/mountaingenius\/wp-json\/wp\/v2\/types\/page"}],"author":[{"embeddable":true,"href":"https:\/\/turing.aticomunicazione.it\/mountaingenius\/wp-json\/wp\/v2\/users\/1"}],"replies":[{"embeddable":true,"href":"https:\/\/turing.aticomunicazione.it\/mountaingenius\/wp-json\/wp\/v2\/comments?post=967"}],"version-history":[{"count":4,"href":"https:\/\/turing.aticomunicazione.it\/mountaingenius\/wp-json\/wp\/v2\/pages\/967\/revisions"}],"predecessor-version":[{"id":971,"href":"https:\/\/turing.aticomunicazione.it\/mountaingenius\/wp-json\/wp\/v2\/pages\/967\/revisions\/971"}],"wp:attachment":[{"href":"https:\/\/turing.aticomunicazione.it\/mountaingenius\/wp-json\/wp\/v2\/media?parent=967"}],"curies":[{"name":"wp","href":"https:\/\/api.w.org\/{rel}","templated":true}]}}